nd 196.
28
What is the highest common factor of 243 and 405?
81
Calculate the greatest common divisor of 51 and 3.
3
Calculate the highest common divisor of 1352 and 28.
4
Calculate the highest common factor of 5 and 8630.
5
What is the greatest common factor of 682 and 44?
22
Calculate the highest common factor of 855 and 2071.
19
Calculate the greatest common divisor of 8 and 100.
4
What is the greatest common factor of 4720 and 320?
80
What is the greatest common factor of 240 and 216?
24
Calculate the greatest common divisor of 13 and 13.
13
Calculate the greatest common divisor of 2891 and 49.
49
Calculate the greatest common divisor of 7422 and 12.
6
Calculate the greatest common divisor of 381 and 1651.
127
What is the highest common factor of 84 and 47796?
84
Calculate the greatest common factor of 99 and 649.
11
What is the highest common divisor of 2416 and 24?
8
Calculate the highest common divisor of 76 and 608.
76
Calculate the greatest common factor of 1176 and 35.
7
Calculate the greatest common factor of 10476 and 24.
12
Calculate the greatest common factor of 15500 and 124.
124
What is the highest common factor of 54 and 783?
27
What is the greatest common divisor of 33028 and 92?
92
What is the highest common factor of 70 and 1225?
35
What is the highest common divisor of 3692 and 520?
52
What is the highest common divisor of 30 and 170?
10
What is the greatest common factor of 160 and 5420?
20
Calculate the highest common factor of 9 and 2.
1
What is the highest common divisor of 231 and 33?
33
What is the greatest common factor of 170 and 7310?
170
Calculate the greatest common divisor of 34 and 34.
34
Calculate the highest common divisor of 117 and 26.
13
Calculate the highest common factor of 324 and 12.
12
Calculate the greatest common factor of 90 and 50.
10
Calculate the greatest common factor of 14 and 126.
14
What is the greatest common divisor of 205 and 10?
5
What is the greatest common divisor of 18876 and 36?
12
What is the highest common factor of 100 and 115?
5
Calculate the greatest common divisor of 754 and 58.
58
What is the highest common divisor of 48 and 564?
12
What is the greatest common divisor of 868 and 2356?
124
What is the greatest common factor of 8872 and 8?
8
What is the greatest common divisor of 25 and 4?
1
Calculate the greatest common divisor of 105 and 35.
35
What is the highest common divisor of 234 and 104?
26
Calculate the greatest common divisor of 138 and 30.
6
What is the highest common divisor of 273 and 252?
21
Calculate the greatest common divisor of 38 and 171.
19
What is the greatest common factor of 572 and 1364?
44
What is the greatest common divisor of 1826 and 132?
22
Calculate the greatest common factor of 10 and 7360.
10
Calculate the greatest common factor of 22 and 1661.
11
Calculate the greatest common factor of 7 and 5.
1
What is the greatest common divisor of 8316 and 1540?
308
Calculate the greatest common divisor of 3333 and 101.
101
Calculate the highest common factor of 3264 and 17.
17
Calculate the greatest common factor of 92 and 4600.
92
What is the greatest common divisor of 354 and 12?
6
What is the greatest common factor of 12 and 276?
12
Calculate the highest common divisor of 280 and 1190.
70
Calculate the greatest common divisor of 169 and 8788.
169
What is the greatest common factor of 2325 and 100?
25
Calculate the greatest common divisor of 301 and 7.
7
What is the highest common divisor of 112 and 28?
28
Calculate the highest common factor of 8 and 5816.
8
Calculate the highest common divisor of 255 and 204.
51
Calculate the highest common divisor of 1411 and 272.
17
What is the greatest common divisor of 9422 and 21?
7
What is the greatest common factor of 18 and 234?
18
What is the greatest common factor of 20 and 101400?
20
What is the highest common divisor of 22568 and 112?
56
What is the greatest common factor of 1122 and 255?
51
Calculate the highest common divisor of 396 and 576.
36
Calculate the highest common divisor of 276 and 21804.
276
Calculate the highest common factor of 1608 and 24.
24
Calculate the highest common divisor of 48 and 408.
24
What is the highest common factor of 315 and 245?
35
What is the greatest common divisor of 44 and 1507?
11
Calculate the greatest common divisor of 252 and 2716.
28
Calculate the highest common factor of 26 and 247.
13
Calculate the highest common divisor of 219 and 803.
73
Calculate the highest common divisor of 174179 and 23.
23
Calculate the greatest common divisor of 42 and 1380.
6
What is the highest common factor of 5 and 835?
5
Calculate the highest common factor of 88 and 8.
8
Calculate the highest common factor of 1886 and 138.
46
What is the highest common factor of 848 and 264?
8
Calculate the greatest common factor of 345 and 1695.
15
Calculate the highest common divisor of 848 and 272.
16
What is the greatest common factor of 1128 and 8319?
141
What is the greatest common factor of 648 and 15876?
324
Calculate the greatest common divisor of 403 and 496.
31
What is the highest common divisor of 70 and 56?
14
Calculate the greatest common divisor of 20 and 2780.
20
What is the greatest common divisor of 111 and 148?
37
Calculate the greatest common divisor of 70 and 14.
14
Calculate the greatest common divisor of 5 and 609.
1
What is the greatest common divisor of 23 and 6003?
23
What is the highest common divisor of 795 and 30?
15
What is the highest common factor of 26 and 91?
13
Calculate the highest common divisor of 33 and 44.
11
What is the highest common divisor of 294 and 126?
42
What is the greatest common divisor of 82 and 6806?
82
Calculate the greatest common factor of 22 and 19855.
11
Calculate the highest common divisor of 7 and 1722.
7
Calculate the highest common factor of 24 and 4296.
24
Calculate the highest common factor of 56 and 2114.
14
What is the highest common divisor of 556 and 973?
139
What is the highest common divisor of 235 and 188?
47
What is the greatest common divisor of 273 and 182?
91
What is the greatest common divisor of 2825 and 125?
25
What is the greatest common factor of 1581 and 85?
17
Calculate the highest common factor of 96 and 468.
12
What is the highest common divisor of 6 and 474?
6
Calculate the highest common factor of 420 and 2.
2
Calculate the greatest common divisor of 2172 and 12.
12
What is the greatest common factor of 4200 and 1260?
420
What is the highest common divisor of 55 and 5?
5
What is the highest common divisor of 116 and 7308?
116
Calculate the greatest common divisor of 312 and 1014.
78
Calculate the greatest common divisor of 544 and 64.
32
What is the highest common divisor of 30 and 170?
10
What is the highest common factor of 82 and 19926?
82
Calculate the highest common factor of 42 and 36.
6
What is the highest common factor of 3531 and 187?
11
Calculate the highest common divisor of 70 and 294.
14
Calculate the highest common factor of 4 and 324.
4
What is the highest common factor of 150 and 6950?
50
Calculate the greatest common factor of 42 and 1554.
42
What is the highest common factor of 3 and 474?
3
Calculate the greatest common divisor of 9756 and 144.
36
Calculate the greatest common divisor of 7 and 56.
7
What is the greatest common divisor of 99 and 165?
33
Calculate the greatest common divisor of 175 and 7.
7
What is the highest common factor of 1120 and 1645?
35
Calculate the greatest common factor of 10 and 315.
5
Calculate the greatest common divisor of 949 and 73.
73
What is the greatest common divisor of 91 and 416?
13
What is the highest common divisor of 18 and 1182?
6
What is the greatest common factor of 2166 and 4?
2
What is the greatest common divisor of 45 and 645?
15
What is the greatest common divisor of 64160 and 160?
160
What is the highest common factor of 48 and 816?
48
Calculate the highest common factor of 270 and 41130.
90
What is the greatest common divisor of 120 and 156?
12
What is the greatest common factor of 3408 and 432?
48
Calculate the greatest common factor of 822 and 6.
6
What is the greatest common factor of 280 and 80?
40
What is the highest common factor of 6 and 618?
6
Calculate the highest common divisor of 108 and 11052.
36
What is the highest common factor of 7